{"id":17976,"date":"2023-02-17T11:02:34","date_gmt":"2023-02-17T10:02:34","guid":{"rendered":"https:\/\/danieldermitzel.com\/test\/?page_id=17976"},"modified":"2025-11-03T00:19:24","modified_gmt":"2025-11-02T23:19:24","slug":"training-deutsch","status":"publish","type":"page","link":"https:\/\/danieldermitzel.com\/test\/de\/training-deutsch\/","title":{"rendered":"Training &#8211; Deutsch"},"content":{"rendered":"\t\t<div data-elementor-type=\"wp-page\" data-elementor-id=\"17976\" class=\"elementor elementor-17976\">\n\t\t\t\t<div class=\"elementor-element elementor-element-2af8838 e-flex e-con-boxed e-con e-parent\" data-id=\"2af8838\" data-element_type=\"container\" data-e-type=\"container\" data-settings=\"{&quot;background_background&quot;:&quot;classic&quot;}\">\n\t\t\t\t\t<div class=\"e-con-inner\">\n\t\t<div class=\"elementor-element elementor-element-cbc590c e-con-full e-flex e-con e-child\" data-id=\"cbc590c\" data-element_type=\"container\" data-e-type=\"container\" data-settings=\"{&quot;background_background&quot;:&quot;classic&quot;}\">\n\t\t\t\t<div class=\"elementor-element elementor-element-8f0ab3d elementor-widget elementor-widget-image\" data-id=\"8f0ab3d\" data-element_type=\"widget\" data-e-type=\"widget\" data-widget_type=\"image.default\">\n\t\t\t\t<div class=\"elementor-widget-container\">\n\t\t\t\t\t\t\t\t\t\t\t\t\t\t\t<img fetchpriority=\"high\" decoding=\"async\" width=\"679\" height=\"509\" src=\"https:\/\/danieldermitzel.com\/test\/wp-content\/uploads\/2025\/05\/Teaching-NVC.jpg\" class=\"attachment-medium_large size-medium_large wp-image-24565\" alt=\"\" srcset=\"https:\/\/danieldermitzel.com\/test\/wp-content\/uploads\/2025\/05\/Teaching-NVC.jpg 679w, https:\/\/danieldermitzel.com\/test\/wp-content\/uploads\/2025\/05\/Teaching-NVC-300x225.jpg 300w, https:\/\/danieldermitzel.com\/test\/wp-content\/uploads\/2025\/05\/Teaching-NVC-230x172.jpg 230w, https:\/\/danieldermitzel.com\/test\/wp-content\/uploads\/2025\/05\/Teaching-NVC-350x262.jpg 350w, https:\/\/danieldermitzel.com\/test\/wp-content\/uploads\/2025\/05\/Teaching-NVC-480x360.jpg 480w\" sizes=\"(max-width: 679px) 100vw, 679px\" \/>\t\t\t\t\t\t\t\t\t\t\t\t\t\t\t<\/div>\n\t\t\t\t<\/div>\n\t\t\t\t<\/div>\n\t\t<div class=\"elementor-element elementor-element-d1177d2 e-con-full e-flex e-con e-child\" data-id=\"d1177d2\" data-element_type=\"container\" data-e-type=\"container\" data-settings=\"{&quot;background_background&quot;:&quot;classic&quot;}\">\n\t\t\t\t<div class=\"elementor-element elementor-element-ec62576 elementor-widget elementor-widget-text-editor\" data-id=\"ec62576\" data-element_type=\"widget\" data-e-type=\"widget\" data-widget_type=\"text-editor.default\">\n\t\t\t\t<div class=\"elementor-widget-container\">\n\t\t\t\t\t\t\t\t\t<h3>Trainings &amp; Supervision<\/h3><p>Oft ist es ratsam, Konfliktkompetenz und Pr\u00e4ventionsstrategien zu entwickeln, bevor Probleme entstehen oder eskalieren. Dies gilt besonders in Zeiten rapider Ver\u00e4nderungen innerhalb der Organisation oder Gruppe.<\/p>\t\t\t\t\t\t\t\t<\/div>\n\t\t\t\t<\/div>\n\t\t\t\t<\/div>\n\t\t\t\t\t<\/div>\n\t\t\t\t<\/div>\n\t\t<div class=\"elementor-element elementor-element-4b75f14 e-flex e-con-boxed e-con e-parent\" data-id=\"4b75f14\" data-element_type=\"container\" data-e-type=\"container\">\n\t\t\t\t\t<div class=\"e-con-inner\">\n\t\t\t\t<div class=\"elementor-element elementor-element-34559a8 elementor-widget elementor-widget-spacer\" data-id=\"34559a8\" data-element_type=\"widget\" data-e-type=\"widget\" data-widget_type=\"spacer.default\">\n\t\t\t\t<div class=\"elementor-widget-container\">\n\t\t\t\t\t\t\t<div class=\"elementor-spacer\">\n\t\t\t<div class=\"elementor-spacer-inner\"><\/div>\n\t\t<\/div>\n\t\t\t\t\t\t<\/div>\n\t\t\t\t<\/div>\n\t\t\t\t\t<\/div>\n\t\t\t\t<\/div>\n\t\t<div class=\"elementor-element elementor-element-aee8437 e-flex e-con-boxed e-con e-parent\" data-id=\"aee8437\" data-element_type=\"container\" data-e-type=\"container\">\n\t\t\t\t\t<div class=\"e-con-inner\">\n\t\t<div class=\"elementor-element elementor-element-54bd0d7 e-con-full e-flex e-con e-child\" data-id=\"54bd0d7\" data-element_type=\"container\" data-e-type=\"container\">\n\t\t\t\t<\/div>\n\t\t<div class=\"elementor-element elementor-element-6c36bcc e-con-full e-flex e-con e-child\" data-id=\"6c36bcc\" data-element_type=\"container\" data-e-type=\"container\">\n\t\t\t\t<div class=\"elementor-element elementor-element-7c4e5a9 elementor-widget elementor-widget-text-editor\" data-id=\"7c4e5a9\" data-element_type=\"widget\" data-e-type=\"widget\" data-widget_type=\"text-editor.default\">\n\t\t\t\t<div class=\"elementor-widget-container\">\n\t\t\t\t\t\t\t\t\t<p>Ich biete <strong>ma\u00dfgeschneiderte Trainings\u00a0<\/strong>an, um Teams und Gruppen dabei zu helfen, die oft versteckten Kosten ihrer Konflikte zu verringern. Themen umfassen Konflikttheorie, Achtsamkeits\u00fcbungen, gewaltfreie Kommunikation (GFK), Umgang mit Triggern und mehr.<\/p><p>Die erlernten F\u00e4higkeiten helfen Ihrer Organisation oder Gruppe, <strong>die physischen, emotionalen und mentalen Kosten von Konflikten zu reduzieren<\/strong>. Kontaktieren Sie mich, um Ihren spezifischen Trainingsbedarf zu besprechen.<\/p><p>Dar\u00fcber hinaus biete ich <strong>Supervisionen<\/strong> f\u00fcr Einzelpersonen und Teams an, um Interaktionen und Beziehungsmuster im beruflichen Umfeld zu beleuchten und zu reflektieren.<\/p>\t\t\t\t\t\t\t\t<\/div>\n\t\t\t\t<\/div>\n\t\t\t\t<\/div>\n\t\t\t\t\t<\/div>\n\t\t\t\t<\/div>\n\t\t<div class=\"elementor-element elementor-element-f463271 e-flex e-con-boxed e-con e-parent\" data-id=\"f463271\" data-element_type=\"container\" data-e-type=\"container\">\n\t\t\t\t\t<div class=\"e-con-inner\">\n\t\t<div class=\"elementor-element elementor-element-b5ac631 e-con-full e-flex e-con e-child\" data-id=\"b5ac631\" data-element_type=\"container\" data-e-type=\"container\">\n\t\t\t\t<\/div>\n\t\t<div class=\"elementor-element elementor-element-6b0c4c5 e-con-full e-flex e-con e-child\" data-id=\"6b0c4c5\" data-element_type=\"container\" data-e-type=\"container\">\n\t\t\t\t<div class=\"elementor-element elementor-element-4d8f2b2 elementor-widget elementor-widget-text-editor\" data-id=\"4d8f2b2\" data-element_type=\"widget\" data-e-type=\"widget\" data-widget_type=\"text-editor.default\">\n\t\t\t\t<div class=\"elementor-widget-container\">\n\t\t\t\t\t\t\t\t\t<h4 style=\"text-align: center;\">Kostenlose Erstberatung<\/h4><p>Ich lade Sie ein, mit mir Kontakt aufzunehmen und in einem kostenlosen Vorgespr\u00e4ch zu er\u00f6rtern, wie ich Sie unterst\u00fctzen kann.<\/p><p>Tel: +(49) 0163 1389929<br \/>E-Mail: <a href=\"mailto:mail@danieldermitzel.com\">mail@danieldermitzel.com<\/a><\/p>\t\t\t\t\t\t\t\t<\/div>\n\t\t\t\t<\/div>\n\t\t\t\t<\/div>\n\t\t\t\t\t<\/div>\n\t\t\t\t<\/div>\n\t\t<div class=\"elementor-element elementor-element-99e96d5 e-flex e-con-boxed e-con e-parent\" data-id=\"99e96d5\" data-element_type=\"container\" data-e-type=\"container\" data-settings=\"{&quot;background_background&quot;:&quot;classic&quot;}\">\n\t\t\t\t\t<div class=\"e-con-inner\">\n\t\t<div class=\"elementor-element elementor-element-0eabd7d e-con-full e-flex e-con e-child\" data-id=\"0eabd7d\" data-element_type=\"container\" data-e-type=\"container\">\n\t\t\t\t<div class=\"elementor-element elementor-element-9695940 elementor-invisible elementor-widget elementor-widget-heading\" data-id=\"9695940\" data-element_type=\"widget\" data-e-type=\"widget\" data-settings=\"{&quot;_animation&quot;:&quot;fadeIn&quot;}\" data-widget_type=\"heading.default\">\n\t\t\t\t<div class=\"elementor-widget-container\">\n\t\t\t\t\t<h3 class=\"elementor-heading-title elementor-size-default\">Angebote f\u00fcr ein besseres Miteinander:<\/h3>\t\t\t\t<\/div>\n\t\t\t\t<\/div>\n\t\t<div class=\"elementor-element elementor-element-3dbef14 e-con-full e-flex e-con e-child\" data-id=\"3dbef14\" data-element_type=\"container\" data-e-type=\"container\" data-settings=\"{&quot;background_background&quot;:&quot;classic&quot;}\">\n\t\t<a class=\"elementor-element elementor-element-5cb581e e-con-full e-flex elementor-invisible e-con e-child\" data-id=\"5cb581e\" data-element_type=\"container\" data-e-type=\"container\" data-settings=\"{&quot;animation&quot;:&quot;fadeIn&quot;,&quot;animation_delay&quot;:200}\" href=\"https:\/\/danieldermitzel.com\/test\/mediation-deutsch\/\">\n\t\t\t\t<div class=\"elementor-element elementor-element-7eaa723 elementor-widget elementor-widget-heading\" data-id=\"7eaa723\" data-element_type=\"widget\" data-e-type=\"widget\" data-widget_type=\"heading.default\">\n\t\t\t\t<div class=\"elementor-widget-container\">\n\t\t\t\t\t<h6 class=\"elementor-heading-title elementor-size-default\">Mediation &amp;<br>Konflikt Coaching<\/h6>\t\t\t\t<\/div>\n\t\t\t\t<\/div>\n\t\t\t\t<\/a>\n\t\t<a class=\"elementor-element elementor-element-ff2ddfb e-con-full e-flex elementor-invisible e-con e-child\" data-id=\"ff2ddfb\" data-element_type=\"container\" data-e-type=\"container\" data-settings=\"{&quot;animation&quot;:&quot;fadeIn&quot;,&quot;animation_delay&quot;:400}\" href=\"https:\/\/danieldermitzel.com\/test\/dialog\/\">\n\t\t\t\t<div class=\"elementor-element elementor-element-5c0f47b elementor-widget elementor-widget-heading\" data-id=\"5c0f47b\" data-element_type=\"widget\" data-e-type=\"widget\" data-widget_type=\"heading.default\">\n\t\t\t\t<div class=\"elementor-widget-container\">\n\t\t\t\t\t<h6 class=\"elementor-heading-title elementor-size-default\">Dialog<\/h6>\t\t\t\t<\/div>\n\t\t\t\t<\/div>\n\t\t\t\t<\/a>\n\t\t<a class=\"elementor-element elementor-element-2578570 e-con-full e-flex elementor-invisible e-con e-child\" data-id=\"2578570\" data-element_type=\"container\" data-e-type=\"container\" data-settings=\"{&quot;animation&quot;:&quot;fadeIn&quot;,&quot;animation_delay&quot;:600}\" href=\"https:\/\/danieldermitzel.com\/test\/training-deutsch\/\">\n\t\t\t\t<div class=\"elementor-element elementor-element-cb9dab6 elementor-widget elementor-widget-heading\" data-id=\"cb9dab6\" data-element_type=\"widget\" data-e-type=\"widget\" data-widget_type=\"heading.default\">\n\t\t\t\t<div class=\"elementor-widget-container\">\n\t\t\t\t\t<h6 class=\"elementor-heading-title elementor-size-default\">Trainings &amp;<br>Supervision<\/h6>\t\t\t\t<\/div>\n\t\t\t\t<\/div>\n\t\t\t\t<\/a>\n\t\t<a class=\"elementor-element elementor-element-98cacbb e-con-full e-flex elementor-invisible e-con e-child\" data-id=\"98cacbb\" data-element_type=\"container\" data-e-type=\"container\" data-settings=\"{&quot;animation&quot;:&quot;fadeIn&quot;,&quot;animation_delay&quot;:800}\" href=\"https:\/\/danieldermitzel.com\/test\/\/erdbegegnungen\">\n\t\t\t\t<div class=\"elementor-element elementor-element-0bebceb elementor-widget elementor-widget-heading\" data-id=\"0bebceb\" data-element_type=\"widget\" data-e-type=\"widget\" data-widget_type=\"heading.default\">\n\t\t\t\t<div class=\"elementor-widget-container\">\n\t\t\t\t\t<h6 class=\"elementor-heading-title elementor-size-default\">Erdbegegnungen<\/h6>\t\t\t\t<\/div>\n\t\t\t\t<\/div>\n\t\t\t\t<\/a>\n\t\t\t\t<\/div>\n\t\t\t\t<\/div>\n\t\t\t\t\t<\/div>\n\t\t\t\t<\/div>\n\t\t<div class=\"elementor-element elementor-element-8c9f216 e-flex e-con-boxed e-con e-parent\" data-id=\"8c9f216\" data-element_type=\"container\" data-e-type=\"container\">\n\t\t\t\t\t<div class=\"e-con-inner\">\n\t\t\t\t<div class=\"elementor-element elementor-element-85b5d27 elementor-widget elementor-widget-spacer\" data-id=\"85b5d27\" data-element_type=\"widget\" data-e-type=\"widget\" data-widget_type=\"spacer.default\">\n\t\t\t\t<div class=\"elementor-widget-container\">\n\t\t\t\t\t\t\t<div class=\"elementor-spacer\">\n\t\t\t<div class=\"elementor-spacer-inner\"><\/div>\n\t\t<\/div>\n\t\t\t\t\t\t<\/div>\n\t\t\t\t<\/div>\n\t\t\t\t\t<\/div>\n\t\t\t\t<\/div>\n\t\t\t\t<\/div>\n\t\t","protected":false},"excerpt":{"rendered":"<p>Trainings &amp; Supervision Oft ist es ratsam, Konfliktkompetenz und Pr\u00e4ventionsstrategien zu entwickeln, bevor Probleme entstehen oder eskalieren. Dies gilt besonders in Zeiten [&hellip;]<\/p>\n","protected":false},"author":1,"featured_media":0,"parent":0,"menu_order":0,"comment_status":"closed","ping_status":"closed","template":"page-templates\/page_front-page.php","meta":{"footnotes":""},"class_list":["post-17976","page","type-page","status-publish","hentry"],"_links":{"self":[{"href":"https:\/\/danieldermitzel.com\/test\/wp-json\/wp\/v2\/pages\/17976","targetHints":{"allow":["GET"]}}],"collection":[{"href":"https:\/\/danieldermitzel.com\/test\/wp-json\/wp\/v2\/pages"}],"about":[{"href":"https:\/\/danieldermitzel.com\/test\/wp-json\/wp\/v2\/types\/page"}],"author":[{"embeddable":true,"href":"https:\/\/danieldermitzel.com\/test\/wp-json\/wp\/v2\/users\/1"}],"replies":[{"embeddable":true,"href":"https:\/\/danieldermitzel.com\/test\/wp-json\/wp\/v2\/comments?post=17976"}],"version-history":[{"count":9,"href":"https:\/\/danieldermitzel.com\/test\/wp-json\/wp\/v2\/pages\/17976\/revisions"}],"predecessor-version":[{"id":25419,"href":"https:\/\/danieldermitzel.com\/test\/wp-json\/wp\/v2\/pages\/17976\/revisions\/25419"}],"wp:attachment":[{"href":"https:\/\/danieldermitzel.com\/test\/wp-json\/wp\/v2\/media?parent=17976"}],"curies":[{"name":"wp","href":"https:\/\/api.w.org\/{rel}","templated":true}]}}