{"id":13213,"date":"2022-03-20T19:11:19","date_gmt":"2022-03-20T18:11:19","guid":{"rendered":"https:\/\/danieldermitzel.com\/test\/?page_id=13213"},"modified":"2025-11-03T01:49:52","modified_gmt":"2025-11-03T00:49:52","slug":"events","status":"publish","type":"page","link":"https:\/\/danieldermitzel.com\/test\/events\/","title":{"rendered":"Events"},"content":{"rendered":"\t\t<div data-elementor-type=\"wp-page\" data-elementor-id=\"13213\" class=\"elementor elementor-13213\">\n\t\t\t\t<div class=\"elementor-element elementor-element-c0bd240 e-flex e-con-boxed e-con e-parent\" data-id=\"c0bd240\" data-element_type=\"container\" data-e-type=\"container\" data-settings=\"{&quot;background_background&quot;:&quot;classic&quot;}\">\n\t\t\t\t\t<div class=\"e-con-inner\">\n\t\t<div class=\"elementor-element elementor-element-8a7df6d e-con-full e-flex e-con e-child\" data-id=\"8a7df6d\" data-element_type=\"container\" data-e-type=\"container\">\n\t\t\t\t<div class=\"elementor-element elementor-element-b3d56df elementor-widget elementor-widget-image\" data-id=\"b3d56df\" data-element_type=\"widget\" data-e-type=\"widget\" data-widget_type=\"image.default\">\n\t\t\t\t<div class=\"elementor-widget-container\">\n\t\t\t\t\t\t\t\t\t\t\t\t<figure class=\"wp-caption\">\n\t\t\t\t\t\t\t\t\t\t<img fetchpriority=\"high\" decoding=\"async\" width=\"768\" height=\"577\" src=\"https:\/\/danieldermitzel.com\/test\/wp-content\/uploads\/2025\/05\/Mindful-gardening-Urania-768x577.jpeg\" class=\"attachment-medium_large size-medium_large wp-image-24605\" alt=\"\" srcset=\"https:\/\/danieldermitzel.com\/test\/wp-content\/uploads\/2025\/05\/Mindful-gardening-Urania-768x577.jpeg 768w, https:\/\/danieldermitzel.com\/test\/wp-content\/uploads\/2025\/05\/Mindful-gardening-Urania-300x226.jpeg 300w, https:\/\/danieldermitzel.com\/test\/wp-content\/uploads\/2025\/05\/Mindful-gardening-Urania-700x526.jpeg 700w, https:\/\/danieldermitzel.com\/test\/wp-content\/uploads\/2025\/05\/Mindful-gardening-Urania-230x173.jpeg 230w, https:\/\/danieldermitzel.com\/test\/wp-content\/uploads\/2025\/05\/Mindful-gardening-Urania-350x263.jpeg 350w, https:\/\/danieldermitzel.com\/test\/wp-content\/uploads\/2025\/05\/Mindful-gardening-Urania-480x361.jpeg 480w, https:\/\/danieldermitzel.com\/test\/wp-content\/uploads\/2025\/05\/Mindful-gardening-Urania.jpeg 899w\" sizes=\"(max-width: 768px) 100vw, 768px\" \/>\t\t\t\t\t\t\t\t\t\t\t<figcaption class=\"widget-image-caption wp-caption-text\"><\/figcaption>\n\t\t\t\t\t\t\t\t\t\t<\/figure>\n\t\t\t\t\t\t\t\t\t<\/div>\n\t\t\t\t<\/div>\n\t\t\t\t<\/div>\n\t\t<div class=\"elementor-element elementor-element-7f529a8 e-con-full e-flex e-con e-child\" data-id=\"7f529a8\" data-element_type=\"container\" data-e-type=\"container\" data-settings=\"{&quot;background_background&quot;:&quot;classic&quot;}\">\n\t\t\t\t<div class=\"elementor-element elementor-element-13a38db elementor-widget elementor-widget-text-editor\" data-id=\"13a38db\" data-element_type=\"widget\" data-e-type=\"widget\" data-widget_type=\"text-editor.default\">\n\t\t\t\t<div class=\"elementor-widget-container\">\n\t\t\t\t\t\t\t\t\t<h3>News &amp; Events<\/h3>\t\t\t\t\t\t\t\t<\/div>\n\t\t\t\t<\/div>\n\t\t\t\t<\/div>\n\t\t\t\t\t<\/div>\n\t\t\t\t<\/div>\n\t\t<div class=\"elementor-element elementor-element-c47536c e-flex e-con-boxed e-con e-parent\" data-id=\"c47536c\" data-element_type=\"container\" data-e-type=\"container\">\n\t\t\t\t\t<div class=\"e-con-inner\">\n\t\t\t\t<div class=\"elementor-element elementor-element-ed02413 elementor-widget elementor-widget-spacer\" data-id=\"ed02413\" data-element_type=\"widget\" data-e-type=\"widget\" data-widget_type=\"spacer.default\">\n\t\t\t\t<div class=\"elementor-widget-container\">\n\t\t\t\t\t\t\t<div class=\"elementor-spacer\">\n\t\t\t<div class=\"elementor-spacer-inner\"><\/div>\n\t\t<\/div>\n\t\t\t\t\t\t<\/div>\n\t\t\t\t<\/div>\n\t\t\t\t\t<\/div>\n\t\t\t\t<\/div>\n\t\t<div class=\"elementor-element elementor-element-469fc11 e-flex e-con-boxed e-con e-parent\" data-id=\"469fc11\" data-element_type=\"container\" data-e-type=\"container\">\n\t\t\t\t\t<div class=\"e-con-inner\">\n\t\t<div class=\"elementor-element elementor-element-9a99d6e e-con-full e-flex e-con e-child\" data-id=\"9a99d6e\" data-element_type=\"container\" data-e-type=\"container\">\n\t\t\t\t<\/div>\n\t\t<div class=\"elementor-element elementor-element-8dca8aa e-con-full e-flex e-con e-child\" data-id=\"8dca8aa\" data-element_type=\"container\" data-e-type=\"container\">\n\t\t\t\t<div class=\"elementor-element elementor-element-e2d1d3e elementor-grid-eael-col-1 elementor-grid-tablet-eael-col-2 elementor-grid-mobile-eael-col-1 elementor-widget elementor-widget-eael-post-grid\" data-id=\"e2d1d3e\" data-element_type=\"widget\" data-e-type=\"widget\" data-settings=\"{&quot;eael_post_grid_columns&quot;:&quot;eael-col-1&quot;,&quot;eael_post_grid_columns_tablet&quot;:&quot;eael-col-2&quot;,&quot;eael_post_grid_columns_mobile&quot;:&quot;eael-col-1&quot;}\" data-widget_type=\"eael-post-grid.default\">\n\t\t\t\t<div class=\"elementor-widget-container\">\n\t\t\t\t\t<div id=\"eael-post-grid-e2d1d3e\" class=\"eael-post-grid-container\">\n            <div class=\"eael-post-grid eael-post-appender eael-post-appender-e2d1d3e eael-post-grid-style-one\" data-layout-mode=\"grid\"><article class=\"eael-grid-post  eael-post-grid-column eael-pg-post-25571 category-uncategorized-de\" data-id=\"25571\">\n        <div class=\"eael-grid-post-holder\">\n            <div class=\"eael-grid-post-holder-inner\"><div class=\"eael-entry-wrapper\"><header class=\"eael-entry-header\"><h5 class=\"eael-entry-title\"><a class=\"eael-grid-post-link\" href=\"https:\/\/danieldermitzel.com\/test\/de\/2-tagesseminar-achtsamkeit-in-der-konfliktberatung\/\" title=\"2-Tagesseminar: Achtsamkeit in der Konfliktberatung\">2-Tagesseminar: Achtsamkeit in der Konfliktberatung<\/a><\/h5><\/header><div class=\"eael-entry-header-after\"><div class=\"eael-entry-meta\"><span class=\"eael-posted-by\"><a href=\"https:\/\/danieldermitzel.com\/test\/author\/daniel-dermitzel\/\" title=\"Posts by Admin\" rel=\"author\">Admin<\/a><\/span><span class=\"eael-posted-on\"><time datetime=\"April 3, 2026\">April 3, 2026<\/time><\/span><\/div><\/div><div class=\"eael-entry-content\">\n                        <div class=\"eael-grid-post-excerpt\"><p>Zusammen mit meiner gesch\u00e4tzten Kollegin Madleen Bernhardt biete ich im Juli ein 2-Tages Seminar zum Thema Achtsamkeit in der Konfliktberatung an. Das [&hellip;]<\/p><a href=\"https:\/\/danieldermitzel.com\/test\/de\/2-tagesseminar-achtsamkeit-in-der-konfliktberatung\/\" class=\"eael-post-elements-readmore-btn\">Read More<\/a><\/div>\n                    <\/div><\/div><\/div>\n        <\/div>\n    <\/article><article class=\"eael-grid-post  eael-post-grid-column eael-pg-post-25565 category-uncategorized\" data-id=\"25565\">\n        <div class=\"eael-grid-post-holder\">\n            <div class=\"eael-grid-post-holder-inner\"><div class=\"eael-entry-wrapper\"><header class=\"eael-entry-header\"><h5 class=\"eael-entry-title\"><a class=\"eael-grid-post-link\" href=\"https:\/\/danieldermitzel.com\/test\/2-day-workshop-mindfulness-for-better-conflict-management-in-german\/\" title=\"2-day Workshop: Mindfulness for better Conflict Management (in German)\">2-day Workshop: Mindfulness for better Conflict Management (in German)<\/a><\/h5><\/header><div class=\"eael-entry-header-after\"><div class=\"eael-entry-meta\"><span class=\"eael-posted-by\"><a href=\"https:\/\/danieldermitzel.com\/test\/author\/daniel-dermitzel\/\" title=\"Posts by Admin\" rel=\"author\">Admin<\/a><\/span><span class=\"eael-posted-on\"><time datetime=\"April 3, 2026\">April 3, 2026<\/time><\/span><\/div><\/div><div class=\"eael-entry-content\">\n                        <div class=\"eael-grid-post-excerpt\"><p>My esteemed colleague\u00a0Madleen Bernhardt\u00a0and I will be offering a 2-day workshop on the topic of Mindfulness for Conflict Management. This workshop will [&hellip;]<\/p><a href=\"https:\/\/danieldermitzel.com\/test\/2-day-workshop-mindfulness-for-better-conflict-management-in-german\/\" class=\"eael-post-elements-readmore-btn\">Read More<\/a><\/div>\n                    <\/div><\/div><\/div>\n        <\/div>\n    <\/article><article class=\"eael-grid-post  eael-post-grid-column eael-pg-post-24736 category-uncategorized-de\" data-id=\"24736\">\n        <div class=\"eael-grid-post-holder\">\n            <div class=\"eael-grid-post-holder-inner\"><div class=\"eael-entry-wrapper\"><header class=\"eael-entry-header\"><h5 class=\"eael-entry-title\"><a class=\"eael-grid-post-link\" href=\"https:\/\/danieldermitzel.com\/test\/de\/atem-der-erde-training-zu-achtsamkeit-und-aktivismus-eine-tagung-der-evangelischen-akademie-tutzing\/\" title=\"Atem der Erde: Training zu Achtsamkeit und Aktivismus. Eine Tagung der Evangelischen Akademie Tutzing\">Atem der Erde: Training zu Achtsamkeit und Aktivismus. Eine Tagung der Evangelischen Akademie Tutzing<\/a><\/h5><\/header><div class=\"eael-entry-header-after\"><div class=\"eael-entry-meta\"><span class=\"eael-posted-by\"><a href=\"https:\/\/danieldermitzel.com\/test\/author\/daniel-dermitzel\/\" title=\"Posts by Admin\" rel=\"author\">Admin<\/a><\/span><span class=\"eael-posted-on\"><time datetime=\"June 1, 2025\">June 1, 2025<\/time><\/span><\/div><\/div><div class=\"eael-entry-content\">\n                        <div class=\"eael-grid-post-excerpt\"><p>Ende Juni leite ich wieder Achtsamkeits-Workshops an der Evangelischen Akademie Tutzing, einem der f\u00fchrenden Think Tanks Deutschlands. W\u00e4hrend dieser dreit\u00e4gigen Veranstaltung erkunden [&hellip;]<\/p><a href=\"https:\/\/danieldermitzel.com\/test\/de\/atem-der-erde-training-zu-achtsamkeit-und-aktivismus-eine-tagung-der-evangelischen-akademie-tutzing\/\" class=\"eael-post-elements-readmore-btn\">Read More<\/a><\/div>\n                    <\/div><\/div><\/div>\n        <\/div>\n    <\/article><article class=\"eael-grid-post  eael-post-grid-column eael-pg-post-24732 category-uncategorized\" data-id=\"24732\">\n        <div class=\"eael-grid-post-holder\">\n            <div class=\"eael-grid-post-holder-inner\"><div class=\"eael-entry-wrapper\"><header class=\"eael-entry-header\"><h5 class=\"eael-entry-title\"><a class=\"eael-grid-post-link\" href=\"https:\/\/danieldermitzel.com\/test\/the-breath-of-the-earth-mindfulness-in-activism-a-conference-at-the-protestant-academy-tutzing\/\" title=\"The Breath of the Earth: Mindfulness in Activism. A Conference at the Protestant Academy Tutzing\">The Breath of the Earth: Mindfulness in Activism. A Conference at the Protestant Academy Tutzing<\/a><\/h5><\/header><div class=\"eael-entry-header-after\"><div class=\"eael-entry-meta\"><span class=\"eael-posted-by\"><a href=\"https:\/\/danieldermitzel.com\/test\/author\/daniel-dermitzel\/\" title=\"Posts by Admin\" rel=\"author\">Admin<\/a><\/span><span class=\"eael-posted-on\"><time datetime=\"June 1, 2025\">June 1, 2025<\/time><\/span><\/div><\/div><div class=\"eael-entry-content\">\n                        <div class=\"eael-grid-post-excerpt\"><p>Once again, I will be leading mindfulness workshops at the Protestant Academy Tutzing, one of Germany&#8217;s leading think tanks. During this 3-day [&hellip;]<\/p><a href=\"https:\/\/danieldermitzel.com\/test\/the-breath-of-the-earth-mindfulness-in-activism-a-conference-at-the-protestant-academy-tutzing\/\" class=\"eael-post-elements-readmore-btn\">Read More<\/a><\/div>\n                    <\/div><\/div><\/div>\n        <\/div>\n    <\/article><\/div>\n            <div class=\"clearfix\"><\/div>\n        <\/div>            <div class=\"eael-load-more-button-wrap\">\n                <button class=\"eael-load-more-button\" id=\"eael-load-more-btn-e2d1d3e\" data-widget-id=\"e2d1d3e\" data-widget=\"e2d1d3e\" data-page-id=\"13213\" data-template=\"{&quot;dir&quot;:&quot;lite&quot;,&quot;file_name&quot;:&quot;one.php&quot;,&quot;name&quot;:&quot;Post-Grid&quot;}\" data-class=\"Essential_Addons_Elementor\\Elements\\Post_Grid\" data-layout=\"grid\" data-page=\"1\" data-args=\"orderby=date&amp;order=desc&amp;ignore_sticky_posts=1&amp;post_status=publish&amp;posts_per_page=4&amp;offset=0&amp;post_type=post\" data-max-page=\"12\">\n                    <span class=\"eael-btn-loader button__loader\"><\/span>\n                    <span class=\"eael_load_more_text\">Load More<\/span>\n                <\/button>\n            <\/div>\n            \t\t\t\t<\/div>\n\t\t\t\t<\/div>\n\t\t\t\t<div class=\"elementor-element elementor-element-35da400 elementor-widget elementor-widget-spacer\" data-id=\"35da400\" data-element_type=\"widget\" data-e-type=\"widget\" data-widget_type=\"spacer.default\">\n\t\t\t\t<div class=\"elementor-widget-container\">\n\t\t\t\t\t\t\t<div class=\"elementor-spacer\">\n\t\t\t<div class=\"elementor-spacer-inner\"><\/div>\n\t\t<\/div>\n\t\t\t\t\t\t<\/div>\n\t\t\t\t<\/div>\n\t\t\t\t<\/div>\n\t\t\t\t\t<\/div>\n\t\t\t\t<\/div>\n\t\t<div class=\"elementor-element elementor-element-4dd9494 e-flex e-con-boxed e-con e-parent\" data-id=\"4dd9494\" data-element_type=\"container\" data-e-type=\"container\">\n\t\t\t\t\t<div class=\"e-con-inner\">\n\t\t<div class=\"elementor-element elementor-element-8840506 e-con-full e-flex e-con e-child\" data-id=\"8840506\" data-element_type=\"container\" data-e-type=\"container\">\n\t\t\t\t<\/div>\n\t\t<div class=\"elementor-element elementor-element-1da8b9b e-con-full e-flex e-con e-child\" data-id=\"1da8b9b\" data-element_type=\"container\" data-e-type=\"container\">\n\t\t\t\t<div class=\"elementor-element elementor-element-6994f3f elementor-widget elementor-widget-text-editor\" data-id=\"6994f3f\" data-element_type=\"widget\" data-e-type=\"widget\" data-widget_type=\"text-editor.default\">\n\t\t\t\t<div class=\"elementor-widget-container\">\n\t\t\t\t\t\t\t\t\t<h4 style=\"text-align: center;\">Free Consultation<\/h4><p>I invite you to contact me for a free initial consultation to discuss how I can be a resource for you.<\/p><p>Phone: +(49) 0163 1389929<br \/>Email: <a href=\"mailto:mail@danieldermitzel.com\">mail@danieldermitzel.com<\/a><\/p>\t\t\t\t\t\t\t\t<\/div>\n\t\t\t\t<\/div>\n\t\t\t\t<\/div>\n\t\t\t\t\t<\/div>\n\t\t\t\t<\/div>\n\t\t<div class=\"elementor-element elementor-element-de45622 e-flex e-con-boxed e-con e-parent\" data-id=\"de45622\" data-element_type=\"container\" data-e-type=\"container\" data-settings=\"{&quot;background_background&quot;:&quot;classic&quot;}\">\n\t\t\t\t\t<div class=\"e-con-inner\">\n\t\t<div class=\"elementor-element elementor-element-a762a3b e-con-full e-flex e-con e-child\" data-id=\"a762a3b\" data-element_type=\"container\" data-e-type=\"container\">\n\t\t\t\t<div class=\"elementor-element elementor-element-f2a72b1 elementor-invisible elementor-widget elementor-widget-heading\" data-id=\"f2a72b1\" data-element_type=\"widget\" data-e-type=\"widget\" data-settings=\"{&quot;_animation&quot;:&quot;fadeIn&quot;}\" data-widget_type=\"heading.default\">\n\t\t\t\t<div class=\"elementor-widget-container\">\n\t\t\t\t\t<h3 class=\"elementor-heading-title elementor-size-default\">Effective ways to reestablish connection &amp; cooperation:<\/h3>\t\t\t\t<\/div>\n\t\t\t\t<\/div>\n\t\t<div class=\"elementor-element elementor-element-37cadec e-con-full e-flex e-con e-child\" data-id=\"37cadec\" data-element_type=\"container\" data-e-type=\"container\" data-settings=\"{&quot;background_background&quot;:&quot;classic&quot;}\">\n\t\t<a class=\"elementor-element elementor-element-dae17c3 e-flex e-con-boxed elementor-invisible e-con e-child\" data-id=\"dae17c3\" data-element_type=\"container\" data-e-type=\"container\" data-settings=\"{&quot;animation&quot;:&quot;fadeIn&quot;,&quot;animation_delay&quot;:200}\" href=\"https:\/\/danieldermitzel.com\/test\/mediation\/\">\n\t\t\t\t\t<div class=\"e-con-inner\">\n\t\t\t\t<div class=\"elementor-element elementor-element-f8b5ba2 elementor-widget elementor-widget-heading\" data-id=\"f8b5ba2\" data-element_type=\"widget\" data-e-type=\"widget\" data-widget_type=\"heading.default\">\n\t\t\t\t<div class=\"elementor-widget-container\">\n\t\t\t\t\t<h6 class=\"elementor-heading-title elementor-size-default\">Mediation &amp;<i><br>Conflict Coachin<\/i>g<\/h6>\t\t\t\t<\/div>\n\t\t\t\t<\/div>\n\t\t\t\t\t<\/div>\n\t\t\t\t<\/a>\n\t\t<a class=\"elementor-element elementor-element-9e81657 e-flex e-con-boxed elementor-invisible e-con e-child\" data-id=\"9e81657\" data-element_type=\"container\" data-e-type=\"container\" data-settings=\"{&quot;animation&quot;:&quot;fadeIn&quot;,&quot;animation_delay&quot;:400}\" href=\"https:\/\/danieldermitzel.com\/test\/dialogue\/\">\n\t\t\t\t\t<div class=\"e-con-inner\">\n\t\t\t\t<div class=\"elementor-element elementor-element-eb64c71 elementor-widget elementor-widget-heading\" data-id=\"eb64c71\" data-element_type=\"widget\" data-e-type=\"widget\" data-widget_type=\"heading.default\">\n\t\t\t\t<div class=\"elementor-widget-container\">\n\t\t\t\t\t<h6 class=\"elementor-heading-title elementor-size-default\">Dialogue<\/h6>\t\t\t\t<\/div>\n\t\t\t\t<\/div>\n\t\t\t\t\t<\/div>\n\t\t\t\t<\/a>\n\t\t<a class=\"elementor-element elementor-element-b41ef38 e-flex e-con-boxed elementor-invisible e-con e-child\" data-id=\"b41ef38\" data-element_type=\"container\" data-e-type=\"container\" data-settings=\"{&quot;animation&quot;:&quot;fadeIn&quot;,&quot;animation_delay&quot;:600}\" href=\"https:\/\/danieldermitzel.com\/test\/training\/\">\n\t\t\t\t\t<div class=\"e-con-inner\">\n\t\t\t\t<div class=\"elementor-element elementor-element-e6f8877 elementor-widget elementor-widget-heading\" data-id=\"e6f8877\" data-element_type=\"widget\" data-e-type=\"widget\" data-widget_type=\"heading.default\">\n\t\t\t\t<div class=\"elementor-widget-container\">\n\t\t\t\t\t<h6 class=\"elementor-heading-title elementor-size-default\">Trainings &amp;<br>Supervision<\/h6>\t\t\t\t<\/div>\n\t\t\t\t<\/div>\n\t\t\t\t\t<\/div>\n\t\t\t\t<\/a>\n\t\t<a class=\"elementor-element elementor-element-1ddd549 e-flex e-con-boxed elementor-invisible e-con e-child\" data-id=\"1ddd549\" data-element_type=\"container\" data-e-type=\"container\" data-settings=\"{&quot;animation&quot;:&quot;fadeIn&quot;,&quot;animation_delay&quot;:800}\" href=\"https:\/\/danieldermitzel.com\/test\/tending-the-earth\/\">\n\t\t\t\t\t<div class=\"e-con-inner\">\n\t\t\t\t<div class=\"elementor-element elementor-element-3be54f8 elementor-widget elementor-widget-heading\" data-id=\"3be54f8\" data-element_type=\"widget\" data-e-type=\"widget\" data-widget_type=\"heading.default\">\n\t\t\t\t<div class=\"elementor-widget-container\">\n\t\t\t\t\t<h6 class=\"elementor-heading-title elementor-size-default\">Tending the Earth<\/h6>\t\t\t\t<\/div>\n\t\t\t\t<\/div>\n\t\t\t\t\t<\/div>\n\t\t\t\t<\/a>\n\t\t\t\t<\/div>\n\t\t\t\t<\/div>\n\t\t\t\t\t<\/div>\n\t\t\t\t<\/div>\n\t\t<div class=\"elementor-element elementor-element-7a7f1ea e-flex e-con-boxed e-con e-parent\" data-id=\"7a7f1ea\" data-element_type=\"container\" data-e-type=\"container\">\n\t\t\t\t\t<div class=\"e-con-inner\">\n\t\t\t\t<div class=\"elementor-element elementor-element-b2ad1fb elementor-widget elementor-widget-spacer\" data-id=\"b2ad1fb\" data-element_type=\"widget\" data-e-type=\"widget\" data-widget_type=\"spacer.default\">\n\t\t\t\t<div class=\"elementor-widget-container\">\n\t\t\t\t\t\t\t<div class=\"elementor-spacer\">\n\t\t\t<div class=\"elementor-spacer-inner\"><\/div>\n\t\t<\/div>\n\t\t\t\t\t\t<\/div>\n\t\t\t\t<\/div>\n\t\t\t\t\t<\/div>\n\t\t\t\t<\/div>\n\t\t\t\t<\/div>\n\t\t","protected":false},"excerpt":{"rendered":"<p>News &amp; Events The Breath of the Earth: Mindfulness in Activism. A Conference at the Protestant Academy Tutzing AdminJune 1, 2025 Once [&hellip;]<\/p>\n","protected":false},"author":1,"featured_media":0,"parent":0,"menu_order":0,"comment_status":"closed","ping_status":"closed","template":"page-templates\/page_front-page.php","meta":{"footnotes":""},"class_list":["post-13213","page","type-page","status-publish","hentry"],"_links":{"self":[{"href":"https:\/\/danieldermitzel.com\/test\/wp-json\/wp\/v2\/pages\/13213","targetHints":{"allow":["GET"]}}],"collection":[{"href":"https:\/\/danieldermitzel.com\/test\/wp-json\/wp\/v2\/pages"}],"about":[{"href":"https:\/\/danieldermitzel.com\/test\/wp-json\/wp\/v2\/types\/page"}],"author":[{"embeddable":true,"href":"https:\/\/danieldermitzel.com\/test\/wp-json\/wp\/v2\/users\/1"}],"replies":[{"embeddable":true,"href":"https:\/\/danieldermitzel.com\/test\/wp-json\/wp\/v2\/comments?post=13213"}],"version-history":[{"count":6,"href":"https:\/\/danieldermitzel.com\/test\/wp-json\/wp\/v2\/pages\/13213\/revisions"}],"predecessor-version":[{"id":25530,"href":"https:\/\/danieldermitzel.com\/test\/wp-json\/wp\/v2\/pages\/13213\/revisions\/25530"}],"wp:attachment":[{"href":"https:\/\/danieldermitzel.com\/test\/wp-json\/wp\/v2\/media?parent=13213"}],"curies":[{"name":"wp","href":"https:\/\/api.w.org\/{rel}","templated":true}]}}